 5*r**3 - 5*r**2 + 3*r - 2. Let w(x) = -2*f(x) + k(x). List the prime factors of w(2).
2
Let o be 9/(-3) + 21/3. Let k(x) = x**2 - x. List the prime factors of k(o).
2, 3
Let n(f) = -f + 6. Let b be n(3). Suppose c - 5*c = -24. Let j = b + c. What are the prime factors of j?
3
Suppose 5*p - f + 74 = -189, 0 = 3*p + 2*f + 150. Let q = p - -80. What are the prime factors of q?
2, 7
Let f(n) = -3*n + 13. Let x(a) = 14 + 3*a - a - 6*a. Let k(i) = 5*f(i) - 4*x(i). List the prime factors of k(-7).
2
Let s = 3 + -12. Let r(j) = 2 + 14 + j - 4. What are the prime factors of r(s)?
3
Let a(s) = s**3 + 4*s**2 + s - 3. Let v be a(-3). Suppose 3 = 3*n + 12, -4*n - 42 = v*b. Let y(d) = -d - 1. List the prime factors of y(b).
3
Let t(x) = 44*x**2 - 2*x + 1. Let b be t(1). Suppose 0 = 5*k + b - 283. List the prime factors of k.
2, 3
Suppose 0 = 6*n + 2*n - 2440. What are the prime factors of n?
5, 61
Let b(z) = 4*z**2 + 5*z + 15. Let p(o) = -2*o**2 - 3*o - 7. Let d(g) = -6*b(g) - 13*p(g). Let t be ((-2)/6*-4)/((-6)/27). List the prime factors of d(t).
19
Let j be 5/(3/(1 - -2)). Suppose -j*x = -6 - 19. What are the prime factors of x?
5
Let o = -9 + 20. Suppose 3*k - 5 = -4*r + 2, 5*r = -4*k + o. List the prime factors of k.
3
Let b(o) = o + 242. List the prime factors of b(0).
2, 11
Suppose -4*p = -0*p - 8. Suppose -i = p*i. Suppose i = 5*x - 4*x - 4. What are the prime factors of x?
2
Let o = -11 - -18. Let q = o + -5. What are the prime factors of -3 + q + (1 - -3)?
3
Let u(h) = -4*h + 28. What are the prime factors of u(-11)?
2, 3
Suppose -27 = -3*d - 3*g, -7*g + 2*g = -4*d + 81. Let w = d + -10. List the prime factors of w.
2
Let h(t) = -t**3 + 4*t**2 + 4*t - 5. Let i(r) = -r**3 - 5*r**2 + 3*r + 7. Let o be i(-5). Let c = o - -12. What are the prime factors of h(c)?
11
Let s = -6 + 9. Let f be ((-1)/s)/(1/(-9)). Suppose -10 - 2 = -f*m. List the prime factors of m.
2
Let q(b) = -b**3 + 7*b**2 + 8*b + 9. Let r be (-43)/(-4)*(-12)/(-3). Suppose -3*i + 5*u + 29 = 0, -5*i + 4*u = u - r. List the prime factors of q(i).
3
Let s(z) = z**3 + 5*z**2 - z - 5. Let g be s(-5). Suppose g = 2*o - 6*o. Suppose o*k - 5*x = k - 12, -11 = -2*k + 3*x. What are the prime factors of k?
7
Let n(h) = 7*h - 18. List the prime factors of n(9).
3, 5
List the prime factors of 0 - 2/((-5)/(3620/8)).
181
Suppose 3*c - 131 + 5 = 0. List the prime factors of c.
2, 3, 7
Let x(o) = -o + 5. Let f be x(5). Suppose f*t + t + 3*w - 1 = 0, -5*t + 53 = 3*w. List the prime factors of t.
13
Let v be (-776)/(-32) - 2/8. List the prime factors of (19/4)/(6/v).
19
Let q(b) = b + 2. What are the prime factors of q(7)?
3
Let q(v) = -4 + 2*v**2 + 0*v**2 - 2 - 3*v. List the prime factors of q(5).
29
Let a = -11 - -4. Let m(t) = -t**3 - 6*t**2 + 5*t - 6. List the prime factors of m(a).
2
Let o(u) = -u**2 - 17*u. List the prime factors of o(-14).
2, 3, 7
Suppose -3*j = 48 + 24. Let s = -17 - j. Suppose 0 = -s*m + 2*m + 10. List the prime factors of m.
2
List the prime factors of (80/(-48))/((-2)/402).
5, 67
Suppose -20 = -8*z + 6*z. Let b = 26 - z. What are the prime factors of b?
2
Let m(j) = -j + 4. Let d be m(5). Let f(g) = -12*g + 3. Let x(w) = -w + 1. Let q(c) = d*f(c) + 4*x(c). What are the prime factors of q(1)?
3
Let j(z) = -3*z + 9. Let r be j(8). Let m be 6/r*(-76 + 1). Suppose h - 3*d = 0, -4*h + d + d + m = 0. List the prime factors of h.
3
Let b = -90 - -127. What are the prime factors of b?
37
Let u(b) = -b**2 - 8*b - 10. Let j be u(-7). List the prime factors of -2 - (-26)/2 - j.
2, 7
Let w = 17 - -161. What are the prime factors of w?
2, 89
Let n(k) = -5*k - 6. Let w be n(-5). Suppose 3*l = -12, q = 2*l + w + 4. Suppose -q + 4 = -j. List the prime factors of j.
11
Let i = 17 + -80. Let c = i + 99. What are the prime factors of c?
2, 3
Suppose -2*i + 10 = 2. Suppose -i*n = -17 - 23. What are the prime factors of n?
2, 5
Let b = -5 - -6. Let a(m) = 3*m**3 - m**2 + 1. What are the prime factors of a(b)?
3
Let f be 0/(-3) - 0 - -1. Let x = f + 2. Suppose -x*w + 2*w + 5 = 0. List the prime factors of w.
5
Let b = -1 + 3. Suppose t - 2*a = -6, 3*t + a + a = -b. List the prime factors of 10 + (t + 2 - 2).
2
Let t be (-18)/(-8)*(-160)/15. Let h = -1 - t. What are the prime factors of h?
23
Let s = -72 + 150. Suppose -s = -3*d - 5*n, d - n - n - 26 = 0. List the prime factors of d.
2, 13
Let q(z) = 2*z**3 + z**2 - 2*z - 1. Let k be q(2). Let l = -12 - -1. Let w = l + k. What are the prime factors of w?
2
Suppose 0*m - 20 = 5*m. List the prime factors of (-109)/m + (-3)/(-4).
2, 7
Let p = 26 + 71. What are the prime factors of p?
97
Let p = 55 + -17. List the prime factors of (-9)/3 + p/2.
2
Let l(q) = 2*q**2 - 4. Suppose 3*n = 4*n + 3. What are the prime factors of l(n)?
2, 7
Let p(i) = 2*i**3 + 1. Let z be p(1). Let k(a) = -2*a**3 + a - 7*a**2 + 3*a**3 + a**3 - a**z. What are the prime factors of k(7)?
7
Let c(t) = -2*t**3 + 4*t - 5. What are the prime factors of c(-3)?
37
Let j = -2 + -1. Let i = j + 6. Suppose -3*t = b - 11, 4*b + 3*t + i = 56. List the prime factors of b.
2, 7
What are the prime factors of (-3)/(-9) + 30/18?
2
List the prime factors of (150 - -1) + 14/7.
3, 17
Suppose 2*j - 3*j = -s - 2, 0 = -5*s - 3*j + 30. Suppose 2*q - 1 - s = 0. What are the prime factors of -4*(-3 - (-5)/q)?
2
Let u be (2/(-4))/(1/4). Let v(d) be the first derivative of d**4/4 + 4*d**3/3 + d**2 - d - 1. List the prime factors of v(u).
3
Let w = 13 + 0. List the prime factors of w.
13
Suppose -p - 2*j = -5*p + 52, -4*j - 38 = -2*p. What are the prime factors of p?
11
Let v = -13 - -8. List the prime factors of (22/v)/(8/(-40)).
2, 11
Let p = -3 - -1. What are the prime factors of (-24)/(-16) - 15/p?
3
Suppose -4 = -b, -2*b + 6*b - 14 = m. Suppose 2*h - 2 = -5*s, -1 = -2*s - 5*h + 4. Suppose -3*z - m*z + 20 = s. List the prime factors of z.
2
Let x = 71 - 45. List the prime factors of x.
2, 13
Suppose -3*m + 2 = -10. Suppose 0*p + 33 = 2*p - 3*h, -5*h = m*p - 11. What are the prime factors of p?
3
Suppose -5*r - 2*r = -35. Suppose 260 = r*i + 75. What are the prime factors of i?
37
Let d = -69 - -135. Suppose d = 3*g + 4*o - o, 2*g - 35 = o. List the prime factors of g.
19
Let p(l) = -2*l - 3. Let f = -8 - 1. Let z = -15 - f. What are the prime factors of p(z)?
3
What are the prime factors of (4/6)/((-3)/(-288))?
2
Let y(c) = c**2 + 4*c - 6*c - 1 + c**2. What are the prime factors of y(4)?
23
Suppose -10 - 39 = -a + 2*k, 4*a - 3*k = 176. What are the prime factors of a?
41
Let i = 475 - 326. What are the prime factors of i?
149
What are the prime factors of (-1)/(-3) + (-654)/(-9)?
73
Let w = 37 - 26. List the prime factors of w.
11
Let r(v) = 2*v**2 - 5*v + 4. Let i(z) = 10*z**2 - 26*z + 20. Let c(f) = 3*i(f) - 14*r(f). Let n be c(6). What are the prime factors of (-8)/n - 102/(-14)?
7
Suppose 8*u - 7*u = 57. What are the prime factors of u?
3, 19
Let l = 12 - 7. Suppose 0 = -5*g + 5*k + 90, -l*k + 5 = 5*g - 55. Let x = g - 11. List the prime factors of x.
2
Suppose -r + 577 = 2*r + 5*v, 4*v = r - 181. List the prime factors of r.
3, 7
List the prime factors of (-3)/(-5)*-65*(5 + -6).
3, 13
Let m(c) = c**2 + 7*c + 9. Let o be m(-6). Suppose 2*d + 0*d + w = 4, 5 = o*d + 2*w. List the prime factors of (-1)/(-2*d/36).
2, 3
Suppose -1642 - 491 = -9*k. List the prime factors of k.
3, 79
Suppose -3*o + 66 = f, -4*f - 5*o = -2*o - 228. List the prime factors of f.
2, 3
Suppose v = -2*v + 36. Suppose -3*z + v = z. Suppose -5*l + z*l = -8. What are the prime factors of l?
2
Let p(r) = -6*r - r**2 - 3*r + 12 + 4*r - 6*r. Let h be p(-12). Suppose h*t + 3*t + 5*y = 6, -4 = -2*t + 4*y. List the prime factors of t.
2
Suppose 0 = o + 10 - 35. Let y be (2/4)/(2/12). Suppose 1 = -y*g + o. List the prime factors of g.
2
Suppose -4*u - 7 = -43. Let t = u - -3. What are the prime factors of t?
2, 3
Let m(o) = -o**2 - 5*o - 2. Let s be m(-2). Suppose -l - f = -31, -s*l + f + 0*f + 134 = 0. List the prime factors of l.
3, 11
What are the prime factors of (-9)/6*608/(-24)?
2, 19
Let g(d) = 5*d - 3. Suppose -z - 4*z - 20 = -5*a, 5*a = -z + 14. What are the prime factors of g(a)?
2, 3
Let g(h) = -h - 8. Let a be g(-9). Suppose -n = 5*x - a - 12, -45 = -5*n - 5*x. List the prime factors of n.
2
What are the prime factors of (1